q(c) be the first derivative of c**2 - 4*c - 2. Let b = 13 - 8. What is the units digit of q(b)?
6
Let o(f) = -34*f + 14*f + 10*f + 21 + 2*f**2 + 12*f. What is the units digit of o(5)?
1
Let u be 84/(-12)*(-12)/(-14). Let i(q) = q**3 + 6*q**2 + q - 14. Let h be i(u). Let j = h - -24. What is the units digit of j?
4
What is the hundreds digit of 6/1 - (-748 - -5)?
7
Let x(w) = -w**3 + 6*w**2 - 6*w + 6. Let i be x(4). Let f be ((-12)/i)/((-21)/98). Suppose -p - f = 0, 15 = q - 0*q - 3*p. What is the units digit of q?
3
Suppose 3*l - k - 1662 = 1247, 5*l + k = 4835. What is the units digit of l?
8
Suppose 413*g + 21021 = 420*g. What is the units digit of g?
3
Suppose -2*w + 37 + 17 = 0. Suppose -z - 4*z = -3*z. Suppose z*c - w = -c. What is the tens digit of c?
2
Suppose -4*z = 2*z - 408. Let x = z + -2. What is the units digit of x?
6
What is the thousands digit of 37*31 + -2 - (-125)/25?
1
Suppose -9*f + 40914 = 9*f. What is the tens digit of f?
7
Let w(o) = -o**3 + 31*o**2 - 53*o + 51. What is the units digit of w(21)?
8
Let q(i) = -i**2 - 8*i - 8. Let w be q(-6). Suppose -y = z - 6, -2*y = 2*y - w. What is the units digit of (z/5 + 0)*22?
2
Suppose 0 = 30*h - 29*h - 4. Suppose -2*j - 3*b = -169 - 45, 2*b = h. Suppose j = 3*y - i, 0*y + 76 = 2*y + i. What is the units digit of y?
6
Let u(b) be the second derivative of -b**3 - 3*b. Let c be u(2). Let o(h) = -h**3 - 11*h**2 + 8*h - 14. What is the tens digit of o(c)?
3
Suppose -25*q = -21*q - 404. Let w = q + -5. What is the units digit of w?
6
Let l = 52 - 46. What is the units digit of ((-249)/l - -3)*(0 + -2)?
7
Suppose 0 = -17*r + 20549 + 89. What is the units digit of r?
4
Let s = -50 - 14. What is the tens digit of (-154)/(-8) - 48/s?
2
What is the hundreds digit of (2337/3 + 7)/2?
3
Suppose -12*q + 17*q - 1760 = 0. What is the units digit of q?
2
Let d(b) = b**3 - 2*b**2 + 2*b. Let g be d(2). Suppose 0*v = v + 5*t - g, -4*v + 5*t = -41. Let p(w) = -w**2 + 10*w + 7. What is the tens digit of p(v)?
1
Let c = 549 + -271. What is the hundreds digit of c?
2
Let v(b) = -18*b - 2. Let z be v(-11). Suppose 596 = 8*n - z. What is the tens digit of n?
9
Suppose 1054 + 992 = 31*s. What is the tens digit of s?
6
What is the tens digit of 7791/28 + 10 + 1/(-4)?
8
Let c = 41 + -35. Suppose -7*y + c*y + 34 = 0. What is the units digit of y?
4
Suppose -11*t + 2392 + 2525 = 0. What is the hundreds digit of t?
4
Suppose -461*i = -465*i + 17044. What is the thousands digit of i?
4
Let v(c) = -c - 3. Let d be v(-5). Suppose -3*a + 32 = a. Suppose d*r + a = 3*r. What is the units digit of r?
8
Let b(l) = -l**3 + 8*l**2 + 5*l + 20. What is the hundreds digit of b(-8)?
0
Let t(d) = d**2 - 4*d - 3. Let v(m) = -m**3 + 3*m**2 + 6*m - 8. Let u be v(4). Suppose -y - 2*y + 15 = u. What is the units digit of t(y)?
2
Suppose 38*j - 38628 - 13850 = 0. What is the hundreds digit of j?
3
What is the units digit of 4824 + -2 - (546/(-13))/(-6)?
5
Suppose -2*m + 1460 = 3*m. Suppose -5*y + m = -3*y. Suppose -2 = 6*g - y. What is the tens digit of g?
2
Let p(m) = -m - 8. Let i(u) = u + 7. Let q(j) = -5*i(j) - 4*p(j). Let v be q(-6). What is the tens digit of (v/9)/((-1)/(-102))?
3
Let t(l) = 7*l**2 + 5*l - 2. What is the tens digit of t(1)?
1
Let p = 0 + 4. Suppose 4*b + 27 = m, 2 + p = 2*m. Let r(f) = -f**3 - 6*f**2 - 4*f - 9. What is the tens digit of r(b)?
1
Let x(o) = -o + 6 - o + 0. Let c be x(6). What is the units digit of (-242)/c - 12/(-18)?
1
Suppose 5*w + 12 = j, -3*j - 1 = 5*w + 3. Let a = 2 + w. What is the units digit of a + (-1 - 0) + 8?
7
Let t = -24 - -36. Let r be (-14)/(-6) - (-10)/15. What is the units digit of 2*r/(t/10)?
5
Let r = 3436 + -2245. What is the units digit of r?
1
Let r(b) = 3*b + 18. What is the units digit of r(18)?
2
Let n(t) = -6*t**2 - 195*t - 46. What is the hundreds digit of n(-30)?
4
Let v = -277 - -411. What is the tens digit of v?
3
Suppose -260 = -2*c - 2*t, 2*c = -3*c - 3*t + 652. What is the units digit of c?
1
Suppose 45 = 9*d - 4*d. Let k(x) = -x**2 + 9*x - 9. Let j be k(d). Let a = j + 35. What is the units digit of a?
6
What is the tens digit of 51/34*((-366)/(-9) - 2)?
5
Let y(c) be the third derivative of 7*c**5/60 + c**4/6 + c**3/3 + 10*c**2. What is the tens digit of y(6)?
7
Suppose -k + 6*k = 4*g, 0 = 3*k - 5*g. What is the tens digit of k - (-8)/6*(0 + 51)?
6
Let x(j) = j**2 - 19*j - 194. What is the units digit of x(45)?
6
Suppose -33 = -3*s + 24. Suppose -k + 29 = -s. What is the units digit of k?
8
Suppose 0 = 5*h + 5*l - 11230, -5*h + 1525 = -5*l - 9695. What is the hundreds digit of h?
2
Let n(c) = c + 2. Let k be n(6). Suppose 4*h - 2*d = -d + k, h - 4*d = -13. Let w = 7 - h. What is the units digit of w?
4
Suppose -2*w + 42 = q, 59 = -4*w + q + 143. Suppose w - 93 = -6*m. What is the units digit of m?
2
Let c be 64/(-1) + -7 + 9. Let q = 107 + c. What is the units digit of q?
5
Let h(u) = -u**2 - 5*u + 16. What is the units digit of h(-4)?
0
Suppose -4*s = 4*q - 4220, -5*s - 2*q = -0*s - 5269. What is the units digit of s?
3
Suppose 3*t + 5*k = 1324, 8*t - 7*t - 4*k - 430 = 0. What is the tens digit of t?
3
What is the units digit of 2*3 - (-23 + -471)?
0
Let a(z) = 2*z**2 - 4*z - 4. Let t be a(5). Let m be (-2)/7 - ((-5400)/(-84))/(-15). Suppose -189 = -m*y + 3*c, 10 + t = y - 3*c. What is the tens digit of y?
5
Suppose 0*x + 11 = 3*x + 4*r, -x = -3*r - 8. Suppose -55 = -x*o + 5. What is the tens digit of o?
1
Let g = 7149 + -3965. What is the hundreds digit of g?
1
Suppose 5*a - 422 - 343 = 0. What is the units digit of (-1)/((-4)/12) + a?
6
Suppose 501 + 5551 = 17*n. What is the hundreds digit of n?
3
Suppose 0*c = c + 22. Let s = -17 - c. Suppose -4 = b - s. What is the units digit of b?
1
What is the tens digit of (110/44)/(1/112)?
8
Let a be 9/3 + (3 - 2). Suppose 0 = -a*w + 4*z + 908, -5*w + 4*z = 2*z - 1150. What is the hundreds digit of w?
2
What is the hundreds digit of (-15)/(-330) + 12957/22?
5
Suppose -5*h = -4*a - 50, -h = -a + 1 - 11. Let t(w) = w - 5. Let f be t(h). Suppose 3*v + 56 = f*v. What is the tens digit of v?
2
Let b = 108 - -428. What is the tens digit of b?
3
Suppose s + 3*p = 114, -118 = -2*s + s - 2*p. Suppose -2*z + 30 - 95 = -j, 2*z = 2*j - s. What is the units digit of j?
1
Let f(g) = 5*g + 27. Let s be f(-4). Suppose s*p = 4*p - 2*y + 569, y = -4*p + 767. What is the tens digit of p?
9
Let r(l) = 226*l**2 - 3*l + 11. What is the tens digit of r(-3)?
5
Suppose -6 = -2*p + 4. Suppose p*t + 5 - 30 = 0. Suppose t*i - 89 = 56. What is the units digit of i?
9
Let q(t) = 2*t**2 - t + 10. Let w be q(5). What is the units digit of ((2 - 4) + w)/1?
3
Suppose 3*g + 8148 = 3*o, -3*g + 29 = 38. What is the tens digit of o?
1
Let w = 14 - -48. Suppose 3*l + w = 248. What is the tens digit of l?
6
What is the units digit of ((-10)/(-4))/(3/78)?
5
Suppose -3*b + 2*k = b + 1042, 3*k = -5*b - 1275. Let l = 499 + b. What is the tens digit of l?
4
Suppose -6555 = -12*z + 7737. What is the units digit of z?
1
Suppose 2*n = -g + 9163, 27405 = 5*n - 3*g + 4503. What is the thousands digit of n?
4
Let d be 11 + 33 - (3 - 4). Let a = 41 + d. What is the units digit of a?
6
Suppose k = c - 5*c - 19, 114 = -5*k - c. Let p = k - -31. Suppose -f + p = 3*f, 4*j - 132 = -2*f. What is the units digit of j?
2
Let c be (6 - 7)/(1 + 0). What is the tens digit of (16 - 21)*(462/(-10) - c)?
2
What is the tens digit of 3 + 1422/3 + (5 - 2)?
8
Suppose 0 = -2*j - 1 + 25. Let c be ((-40)/j)/(4/(-24)). Suppose 0 = f - c. What is the tens digit of f?
2
Let f = 595 - -643. What is the hundreds digit of f?
2
Let s = 162 + 0. What is the hundreds digit of s?
1
Suppose 6*g - g = 80. Let x(d) be the third derivative of -d**6/120 + d**5/4 + 2*d**4/3 + d**3/6 - 47*d**2. What is the units digit of x(g)?
1
Let p = -849 - -1359. What is the tens digit of p?
1
Let o be 141/54*2 - (-2)/(-9). Suppose -248 = -o*h + 227. What is the tens digit of h?
9
Suppose -492*n + 483*n + 7704 = 0. What is the units digit of n?
6
Suppose 3*i - 1841 = -4*d, 0*i = 5*d - i - 2287. What is the tens digit of d?
5
Let p(l) = l**2 - 8*l - 7 + 0*l**2 + 9*l**2 - l**3. Let y be p(9). What is the units digit of y + 5 + -3 + 22?
6
Suppose f - 5*h - 6 = 0, -3*f = -11*h + 6*h - 28. Suppose d - f = 52. What is 